{"id":8,"date":"2018-12-01T08:31:15","date_gmt":"2018-12-01T07:31:15","guid":{"rendered":"http:\/\/g-werbe.net\/marc-bertram\/?page_id=8"},"modified":"2026-04-18T11:14:21","modified_gmt":"2026-04-18T09:14:21","slug":"vita","status":"publish","type":"page","link":"https:\/\/www.marc-bertram.de\/Skulpturen\/vita\/","title":{"rendered":"Vita"},"content":{"rendered":"<p><span style=\"color: #999999;\"><img decoding=\"async\" class=\"alignleft wp-image-3654 size-medium\" src=\"https:\/\/www.marc-bertram.de\/Skulpturen\/wp-content\/uploads\/2018\/12\/Portrait-Marc-IMG_3072-300x300.jpg\" alt=\"\" width=\"300\" height=\"300\" srcset=\"https:\/\/www.marc-bertram.de\/Skulpturen\/wp-content\/uploads\/2018\/12\/Portrait-Marc-IMG_3072-150x150.jpg 150w, https:\/\/www.marc-bertram.de\/Skulpturen\/wp-content\/uploads\/2018\/12\/Portrait-Marc-IMG_3072-300x300.jpg 300w, https:\/\/www.marc-bertram.de\/Skulpturen\/wp-content\/uploads\/2018\/12\/Portrait-Marc-IMG_3072-768x768.jpg 768w, https:\/\/www.marc-bertram.de\/Skulpturen\/wp-content\/uploads\/2018\/12\/Portrait-Marc-IMG_3072-1024x1024.jpg 1024w, https:\/\/www.marc-bertram.de\/Skulpturen\/wp-content\/uploads\/2018\/12\/Portrait-Marc-IMG_3072.jpg 1536w\" sizes=\"(max-width: 300px) 100vw, 300px\" \/><span style=\"color: #000000;\">.<\/span><br \/>\n<\/span><span style=\"color: #999999;\">1965 geb. in Hildesheim \/Niedersachsen<\/span><br \/>\n<span style=\"color: #999999;\">1988-94 Objektdesign Studium mit Schwerpunkt Bildhauerei an der FH Aachen bei Prof. Lutz Brockhaus<\/span><br \/>\n<span style=\"color: #999999;\">1993 dreimonatiger Studienaufenthalt in Italien<\/span><br \/>\n<span style=\"color: #999999;\">1994 Diplom mit Auszeichnung<\/span><br \/>\n<span style=\"color: #999999;\">1996 &#8211; 98 freier Dozent am Kulturhaus Barockfabrik in Aachen<\/span><br \/>\n<span style=\"color: #999999;\">seit 1994 freischaffender Bildhauer, lebt und arbeitet in Aachen<\/span><br \/>\n<span style=\"color: #999999;\">2002 Umzug nach Bierbergen in Niedersachsen<\/span><\/p>\n<p>&nbsp;<\/p>\n<p>&nbsp;<\/p>\n<p><span style=\"color: #999999;\">Ausstellungen und Symposien<\/span><\/p>\n<p>2026<br \/>\nEinzelausstellung &#8222;Zwischen Augenblick und Ewigkeit&#8220; an der Sigwardskirche in Idensen (25.4.26 bis 18.1.26 durchgehend ge\u00f6ffnet)<\/p>\n<p>2024<br \/>\nDauerausstellung &#8222;Ein Steinwurf&#8220; auf dem Zimmerplatz in Hohenhameln<br \/>\nAusstellung &#8222;Leben -Wasser&#8220; im P3 in Peine<\/p>\n<p>2023<br \/>\nAusstellung &#8222;Werkschau23&#8220;\u00a0 Galerie im Stammelbachspeicher<br \/>\nAusstellung &#8222;Erinnerungen an Bischof Sigward&#8220; an der Sigwardskirche in Idensen (April &#8211; Oktober)<\/p>\n<p><span style=\"color: #999999;\">2022<br \/>\nAusstellung im Kreismuseum Peine<br \/>\n<\/span><\/p>\n<p><span style=\"color: #999999;\">2021<br \/>\n<\/span><span style=\"color: #999999;\">&#8218;Art in Motion&#8216; der KIP (Kunst in Peine) im Rahmen des Peiner Kultursommer 2021<\/span><br \/>\n<span style=\"color: #999999;\">1. Preis Kunst- und Kulturpreis 2021 des Landkreises Hildesheim (Kategorie au\u00dferschulische Einrichtung)<\/span><br \/>\n<span style=\"color: #999999;\">BBK Landesausstellung d-plaziert im Schloss Celle<br \/>\nAusstellung &#8222;Lebenszeichen&#8220;\u00a0 Galerie im Stammelbachspeicher<br \/>\n<\/span><\/p>\n<p><span style=\"color: #999999;\">2019<\/span><br \/>\n<span style=\"color: #999999;\">Ausstellung im Stahlwerk Peine<br \/>\nBildhauerprojekt <a href=\"https:\/\/www.marc-bertram.de\/Skulpturen\/schlag-dich-durch\/\" target=\"_blank\" rel=\"noopener noreferrer\">&#8222;SCHLAG DICH DURCH!&#8220;<\/a> f\u00fcr Jugendliche<br \/>\n<\/span><\/p>\n<p><span style=\"color: #999999;\">2018<\/span><br \/>\n<span style=\"color: #999999;\">2. Preis der Friedrich Weinhagenstiftung bei der Ausstellung\u00a0 SCHR<em>\u00c4<\/em>G\u00a0 in der Galerie im Stammelbachspeicher<\/span><br \/>\n<span style=\"color: #999999;\">Bildhauersymposium &#8222;Scolpire in Piazza&#8220; in Paratico \/ Italien<\/span><br \/>\n<span style=\"color: #999999;\">Ausstellung &#8222;Genius Loci&#8220; im Dommuseum Hildesheim<\/span><\/p>\n<p><span style=\"color: #999999;\">2017<\/span><br \/>\n<span style=\"color: #999999;\">Ausstellung Kunsthof Mehrum<\/span><br \/>\n<span style=\"color: #999999;\">Dauerausstellung im Sozialministerium Hannover<\/span><br \/>\n<span style=\"color: #999999;\">2. Preis der Friedrich Weinhagenstiftung bei der Ausstellung &#8218;Grenzg\u00e4nge&#8216; in der Galerie im Stammelbachspeicher<\/span><\/p>\n<p><span style=\"color: #999999;\">2016<\/span><br \/>\n<span style=\"color: #999999;\">1.Preis beim int. Bildhauerwettbewerb &#8222;Una Scultura Per Papa Francesco&#8220; des USSP der Stadt Fanano in Italien. Ausstellung der realisierten Arbeit im Vatikanstaat<\/span><\/p>\n<p><span style=\"color: #999999;\">2015<\/span><br \/>\n<span style=\"color: #999999;\">Ausstellung &#8222;Der Die Das Innerste&#8220; in der Galerie im Stammelbachspeicher (Teil 2) in Hildesheim<\/span><br \/>\n<span style=\"color: #999999;\">Ausstellung &#8222;Surprise&#8220; Glashaus Derneburg<\/span><\/p>\n<p><span style=\"color: #999999;\">2014<\/span><br \/>\n<span style=\"color: #999999;\">Ausstellung &#8222;Auf den zweiten Blick&#8220; in der Galerie im Stammelbachspeicher<\/span><br \/>\n<span style=\"color: #999999;\">3.Preis Bildhauerwettbewerb &#8222;Kinder-Gedenk-Ort Ricklingen&#8220;<\/span><\/p>\n<p><span style=\"color: #999999;\">2013<\/span><br \/>\n<span style=\"color: #999999;\">Ausstellung &#8222;Der Die Das Innerste&#8220; im K\u00fcnstlerforum Bonn (Teil 1)<\/span><\/p>\n<p><span style=\"color: #999999;\">2012<\/span><br \/>\n<span style=\"color: #999999;\">Ausstellung &#8222;D\u00e9j\u00e0-vu Jamais-vu&#8220; zum 10-j\u00e4hrigen Jubil\u00e4um der Galerie im Stammelbachspeicher in Hildesheim<\/span><br \/>\n<span style=\"color: #999999;\">Ausstellung &#8222;Frau Licht Stein &#8222;in der Projekt-Art Galerie in Bielefeld<\/span><\/p>\n<p><span style=\"color: #999999;\">2011<\/span><br \/>\n<span style=\"color: #999999;\">Ausstellung in der &#8222;Hildesheimer Kunsthalle&#8220; zu den 2. Hildesheimer Wallungen Ausstellung &#8222;Up and down&#8220;, Galerie im Stammelbachspeicher in Hildesheim<\/span><\/p>\n<p><span style=\"color: #999999;\">2010<\/span><br \/>\n<span style=\"color: #999999;\">Ausstellung &#8222;Gretchenfragen oder der Preis des G\u00f6ttlichen&#8220; zum 1000 j\u00e4hrigen Bestehen der St, Michaeliskirche in Hildesheim<\/span><\/p>\n<p><span style=\"color: #999999;\">2009<\/span><br \/>\n<span style=\"color: #999999;\">Ausstellung &#8222;Arbeit&#8220;, Galerie im Stammelbachspeicher in Hildesheim<\/span><br \/>\n<span style=\"color: #999999;\">Ausstellung, Galerie im Tiethof, Hannover<\/span><\/p>\n<p><span style=\"color: #999999;\">2008<br \/>\nAusstellung KIC &#8211; Nordart in Rendsburg<\/span><\/p>\n<p><span style=\"color: #999999;\">2007<\/span><br \/>\n<span style=\"color: #999999;\">Ausstellung in Schloss Oberg<\/span><\/p>\n<p><span style=\"color: #999999;\">2006<\/span><br \/>\n<span style=\"color: #999999;\">BBK Landesausstellung im &#8222;Park der G\u00e4rten&#8220; in Bad Zwischenahn<\/span><br \/>\n<span style=\"color: #999999;\">6. internationales Bildhauersymposium in Lignano Pineta \/ Italien<\/span><\/p>\n<p><span style=\"color: #999999;\">2005<\/span><br \/>\n<span style=\"color: #999999;\">Ausstellung in der Galerie Tack in Allendorf-Lda.<\/span><br \/>\n<span style=\"color: #999999;\">3. internationales Londorfer Bildhauersymposium \/ Deutschland<br \/>\n2. internationales Bildhauersymposium in Balatonf\u00fcred \/ Ungarn<\/span><br \/>\n<span style=\"color: #999999;\">BBK Jahresausstellung in der Galerie &#8222;Stammelbachspeicher&#8220; in Hildesheim<\/span><\/p>\n<p><span style=\"color: #999999;\">2004<\/span><br \/>\n<span style=\"color: #999999;\">1. internationales Bildhauersymposium in Balatonf\u00fcred \/ Ungarn<\/span><\/p>\n<p><span style=\"color: #999999;\">2003<\/span><br \/>\n<span style=\"color: #999999;\">Ausstellung &#8222;Metasphere&#8220; in der Aula Carolina in Aachen<\/span><br \/>\n<span style=\"color: #999999;\">Ausstellung &#8222;Kunst f\u00fcr Alsdorf&#8220; in der Sparkasse Aachen in Alsdorf<\/span><\/p>\n<p><span style=\"color: #999999;\">2002<\/span><br \/>\n<span style=\"color: #999999;\">4. internationales &#8222;Kercal&#8220; Bildhauersymposium in Comblain au Pont \/ BelgienAusstellung im &#8222;Ulsan Culture Center&#8220; anl\u00e4sslig der Fu\u00dfballweltmeisterschaft in Korea.<\/span><br \/>\n<span style=\"color: #999999;\">Stipendium &#8222;Kunst f\u00fcr Alsdorf&#8220; des Kunstvereins Alsdorf und der Sparkasse Aachen<\/span><br \/>\n<span style=\"color: #999999;\">Ausstellung mit der &#8222;Intern. Sculptors Friendship Association&#8220; im INTERNATIONAL MUSEUM OF CONTEMPORARY ART \/ Korea<br \/>\n<\/span><span style=\"color: #999999;\">Dauerausstellung &#8222;La solitudine del viaggio e la preghiera&#8220; auf der Piazza Contrari in Vignola \/ Italien<\/span><\/p>\n<p><span style=\"color: #999999;\">2001<\/span><br \/>\n<span style=\"color: #999999;\">5. Ausstellung der &#8222;International Sculptors Friendship&#8220; im SEOUL ART CENTER in Seoul \/ Korea<\/span><br \/>\n<span style=\"color: #999999;\">Einzelausstellung im CMC Technologie &#8211; Zentrum in \u00dcbach-Palenberg<\/span><br \/>\n<span style=\"color: #999999;\">3. Preis beim 12. intern. Bildhauersymposium in O Grove \/ Spanien<\/span><br \/>\n<span style=\"color: #999999;\">16. intern. Bildhauersymposium &#8222;La via dei pellegrini&#8220; in Fanano (Mo) \/ Italien<\/span><br \/>\n<span style=\"color: #999999;\">3. intern. Bildhauersymposium &#8222;La Pietra Nera&#8220; in Montana Fontanabuona (GE) \/ Italien<\/span><br \/>\n<span style=\"color: #999999;\">Ausstellung im &#8222;Eco-Museo&#8220; in Isolona \/ Italy<\/span><br \/>\n<span style=\"color: #999999;\">Ausstellung im Schloss Burgau in D\u00fcren<\/span><\/p>\n<p><span style=\"color: #999999;\">2000<\/span><br \/>\n<span style=\"color: #999999;\">Ausstellung &#8222;Korean Sculpture-World Sculpture&#8220; im Moran Museum of Art in Seoul (Korea)<\/span><br \/>\n<span style=\"color: #999999;\">Ausstellung \u201e1. SALON D&#8217;ART&#8220; belgischer und deutscher K\u00fcnstler in Eupen (Belgien).<\/span><br \/>\n<span style=\"color: #999999;\">Ausstellung in der \u201eGalerie von Knobelsdorf &#8220; in Haseldorf bei Hamburg<\/span><br \/>\n<span style=\"color: #999999;\">9. internationales Bildhauersymposium im Skulpturenpark Katzow in Mecklenburg &#8211; Vorpommern.<\/span><br \/>\n<span style=\"color: #999999;\">9. internationales Bildhauersymposium &#8222;Stone in the Galilee&#8220; in Ma&#8217;alot ( Israel )<\/span><\/p>\n<p><span style=\"color: #999999;\">1999<\/span><br \/>\n<span style=\"color: #999999;\">Einzelausstellung im Rathaus Setterich der Stadt Baesweiler<\/span><\/p>\n<p><span style=\"color: #999999;\">1998<\/span><br \/>\n<span style=\"color: #999999;\">Ausstellung &#8222;Art-Tage&#8220; im Schlo\u00df Babenhausen<\/span><br \/>\n<span style=\"color: #999999;\">Ausstellung &#8222;Kunst-Landschaft&#8220; in Hamburg Vierlanden<\/span><br \/>\n<span style=\"color: #999999;\">Ausstellung in der Salzkirche in Tangerm\u00fcnde<\/span><br \/>\n<span style=\"color: #999999;\">6.internationales Stein-Bildhauersymposium Sachsen-Anhalt in Tangerm\u00fcnde<\/span><br \/>\n<span style=\"color: #999999;\">Ausstellung in der \u201eIndex &#8211; Galerie&#8220; in Korneliem\u00fcnster<\/span><\/p>\n<p><span style=\"color: #999999;\">1997<\/span><br \/>\n<span style=\"color: #999999;\">Ausstellung im \u201eDebis Systemhaus&#8220; in Aachen<\/span><br \/>\n<span style=\"color: #999999;\">1. Londorfer Bildhauersymposium \/ Ausstellung im Juridikum der Uni Gie\u00dfen<\/span><br \/>\n<span style=\"color: #999999;\">Bildhauersymposium im \u201eLudwig Forum&#8220; in Aachen<\/span><\/p>\n<p><span style=\"color: #999999;\">1996<\/span><br \/>\n<span style=\"color: #999999;\">Ausstellung bei der \u201e EVBK &#8220; in Pr\u00fcm<\/span><br \/>\n<span style=\"color: #999999;\">Ausstellung in der Flugzeughalle in Aachen<\/span><br \/>\n<span style=\"color: #999999;\">Einzelausstellung bei der Schmuck und Form GmbH in D\u00fcsseldorf<\/span><br \/>\n<span style=\"color: #999999;\">Einzelausstellung bei Goldschmiede F\u00f6rster in Aachen<\/span><\/p>\n<p><span style=\"color: #999999;\">1995<\/span><br \/>\n<span style=\"color: #999999;\">6.Bildhauersymposium in Budduso&#8216; auf Sardinien<\/span><br \/>\n<span style=\"color: #999999;\">Ausstellung bei der \u201eEVBK&#8220; in Pr\u00fcm<\/span><br \/>\n<span style=\"color: #999999;\">Teilnahme an der Aktion \u201eK\u00fcnstler gestalten Plakatw\u00e4nde&#8220; in Aachen<\/span><br \/>\n<span style=\"color: #999999;\">Einzelausstellung in der Firma Karl Zimmermann EDV-Beratung GmbH in W\u00fcrselen<\/span><\/p>\n<p><span style=\"color: #999999;\">1994<\/span><br \/>\n<span style=\"color: #999999;\">im Jakobshof in Aachen<\/span><br \/>\n<span style=\"color: #999999;\">Ausstellung Thema \u201eZukunft&#8220; mit Auktion zugunsten des Kinderschutzbundes<\/span><br \/>\n<span style=\"color: #999999;\">Einzelausstellung im Victoria &#8211; Haus in Aachen<\/span><br \/>\n<span style=\"color: #999999;\">Ausstellung im \u201eLudwig Forum&#8220; in Aachen<\/span><br \/>\n<span style=\"color: #999999;\">1.Bildhauersymposium der Stadt Aachen<\/span><br \/>\n<span style=\"color: #999999;\">Ausstellung bei der \u201eEurop\u00e4ischen Vereinigung Bildender K\u00fcnstler aus Eifel und Ardennen e.V.&#8220; in Pr\u00fcm<\/span><br \/>\n<span style=\"color: #999999;\">Landesausstellung Niedersachsen in Duderstadt<\/span><br \/>\n<span style=\"color: #999999;\">Ausstellung Galerie \u201ePictures&#8220; Aachen<\/span><\/p>\n<p><span style=\"color: #999999;\">1991<\/span><br \/>\n<span style=\"color: #999999;\">Ausstellung in der Flugzeughalle Aachen<\/span><\/p>\n<p><span style=\"color: #999999;\">1985\/86<\/span><br \/>\n<span style=\"color: #999999;\">Ausstellungen im Rathaus Hildesheim und Volksbank Nordstemmen<\/span><\/p>\n<p>&nbsp;<\/p>\n<p>&nbsp;<\/p>\n","protected":false},"excerpt":{"rendered":"<p>. 1965 geb. in Hildesheim \/Niedersachsen 1988-94 Objektdesign Studium mit  [&#8230;]<\/p>\n","protected":false},"author":4,"featured_media":0,"parent":0,"menu_order":0,"comment_status":"closed","ping_status":"closed","template":"","meta":{"footnotes":""},"class_list":["post-8","page","type-page","status-publish","hentry"],"_links":{"self":[{"href":"https:\/\/www.marc-bertram.de\/Skulpturen\/wp-json\/wp\/v2\/pages\/8","targetHints":{"allow":["GET"]}}],"collection":[{"href":"https:\/\/www.marc-bertram.de\/Skulpturen\/wp-json\/wp\/v2\/pages"}],"about":[{"href":"https:\/\/www.marc-bertram.de\/Skulpturen\/wp-json\/wp\/v2\/types\/page"}],"author":[{"embeddable":true,"href":"https:\/\/www.marc-bertram.de\/Skulpturen\/wp-json\/wp\/v2\/users\/4"}],"replies":[{"embeddable":true,"href":"https:\/\/www.marc-bertram.de\/Skulpturen\/wp-json\/wp\/v2\/comments?post=8"}],"version-history":[{"count":179,"href":"https:\/\/www.marc-bertram.de\/Skulpturen\/wp-json\/wp\/v2\/pages\/8\/revisions"}],"predecessor-version":[{"id":5059,"href":"https:\/\/www.marc-bertram.de\/Skulpturen\/wp-json\/wp\/v2\/pages\/8\/revisions\/5059"}],"wp:attachment":[{"href":"https:\/\/www.marc-bertram.de\/Skulpturen\/wp-json\/wp\/v2\/media?parent=8"}],"curies":[{"name":"wp","href":"https:\/\/api.w.org\/{rel}","templated":true}]}}